t are the prime factors of 54295?
5, 10859
List the prime factors of 14750.
2, 5, 59
What are the prime factors of 4890?
2, 3, 5, 163
What are the prime factors of 91680?
2, 3, 5, 191
What are the prime factors of 120?
2, 3, 5
What are the prime factors of 3531?
3, 11, 107
What are the prime factors of 72639?
3, 7, 1153
What are the prime factors of 14843?
14843
List the prime factors of 12091.
107, 113
What are the prime factors of 36106?
2, 7, 2579
What are the prime factors of 10942?
2, 5471
List the prime factors of 121534.
2, 7, 8681
List the prime factors of 43735.
5, 8747
What are the prime factors of 30907?
31, 997
List the prime factors of 26099.
26099
What are the prime factors of 358?
2, 179
List the prime factors of 4109.
7, 587
What are the prime factors of 1565?
5, 313
What are the prime factors of 1359?
3, 151
List the prime factors of 3190.
2, 5, 11, 29
List the prime factors of 9206.
2, 4603
What are the prime factors of 44232?
2, 3, 19, 97
List the prime factors of 31783.
37, 859
What are the prime factors of 2822?
2, 17, 83
List the prime factors of 141.
3, 47
List the prime factors of 2364.
2, 3, 197
What are the prime factors of 1675?
5, 67
List the prime factors of 101773.
7, 31, 67
What are the prime factors of 8834?
2, 7, 631
List the prime factors of 11106.
2, 3, 617
List the prime factors of 1240.
2, 5, 31
What are the prime factors of 10238?
2, 5119
What are the prime factors of 161559?
3, 29, 619
List the prime factors of 14539.
7, 31, 67
List the prime factors of 1103.
1103
List the prime factors of 54654.
2, 3, 9109
List the prime factors of 98180.
2, 5, 4909
List the prime factors of 3000.
2, 3, 5
What are the prime factors of 1977?
3, 659
What are the prime factors of 13823?
23, 601
List the prime factors of 1688.
2, 211
What are the prime factors of 285?
3, 5, 19
List the prime factors of 71847.
3, 887
What are the prime factors of 20936?
2, 2617
What are the prime factors of 393?
3, 131
List the prime factors of 1486.
2, 743
What are the prime factors of 30101?
31, 971
List the prime factors of 16095.
3, 5, 29, 37
List the prime factors of 7610.
2, 5, 761
List the prime factors of 298.
2, 149
List the prime factors of 3719.
3719
List the prime factors of 69316.
2, 13, 31, 43
List the prime factors of 88011.
3, 7, 11, 127
List the prime factors of 9461.
9461
List the prime factors of 11683.
7, 1669
List the prime factors of 11501.
7, 31, 53
List the prime factors of 69178.
2, 34589
List the prime factors of 4666.
2, 2333
What are the prime factors of 654?
2, 3, 109
What are the prime factors of 2896?
2, 181
What are the prime factors of 291?
3, 97
What are the prime factors of 13014?
2, 3, 241
What are the prime factors of 46141?
46141
What are the prime factors of 15160?
2, 5, 379
List the prime factors of 3938.
2, 11, 179
List the prime factors of 11088.
2, 3, 7, 11
List the prime factors of 649.
11, 59
List the prime factors of 11850.
2, 3, 5, 79
What are the prime factors of 609?
3, 7, 29
What are the prime factors of 276?
2, 3, 23
What are the prime factors of 297?
3, 11
What are the prime factors of 25108?
2, 6277
List the prime factors of 685.
5, 137
What are the prime factors of 8819?
8819
What are the prime factors of 656?
2, 41
List the prime factors of 209.
11, 19
List the prime factors of 174.
2, 3, 29
List the prime factors of 3061.
3061
List the prime factors of 5176.
2, 647
List the prime factors of 2696.
2, 337
What are the prime factors of 3572?
2, 19, 47
List the prime factors of 8230.
2, 5, 823
What are the prime factors of 20100?
2, 3, 5, 67
What are the prime factors of 618?
2, 3, 103
What are the prime factors of 16850?
2, 5, 337
What are the prime factors of 5193?
3, 577
List the prime factors of 53021.
37, 1433
What are the prime factors of 813?
3, 271
What are the prime factors of 5293?
67, 79
List the prime factors of 35353.
35353
List the prime factors of 45141.
3, 41, 367
What are the prime factors of 19558?
2, 7, 11, 127
List the prime factors of 25268.
2, 6317
List the prime factors of 6124.
2, 1531
What are the prime factors of 127?
127
List the prime factors of 3278.
2, 11, 149
List the prime factors of 479.
479
List the prime factors of 49218.
2, 3, 13, 631
What are the prime factors of 355?
5, 71
What are the prime factors of 265?
5, 53
What are the prime factors of 20580?
2, 3, 5, 7
List the prime factors of 2831.
19, 149
What are the prime factors of 118481?
11, 10771
List the prime factors of 1694.
2, 7, 11
What are the prime factors of 79610?
2, 5, 19, 419
List the prime factors of 49917.
3, 7, 2377
What are the prime factors of 1674?
2, 3, 31
List the prime factors of 16084.
2, 4021
What are the prime factors of 892?
2, 223
List the prime factors of 152.
2, 19
List the prime factors of 65951.
65951
List the prime factors of 6553.
6553
List the prime factors of 238.
2, 7, 17
What are the prime factors of 3951?
3, 439
What are the prime factors of 37?
37
List the prime factors of 1172.
2, 293
List the prime factors of 2459.
2459
What are the prime factors of 59854?
2, 29927
List the prime factors of 941.
941
What are the prime factors of 1108?
2, 277
What are the prime factors of 5059?
5059
What are the prime factors of 1927?
41, 47
List the prime factors of 733.
733
What are the prime factors of 165185?
5, 33037
List the prime factors of 3122.
2, 7, 223
What are the prime factors of 1283?
1283
What are the prime factors of 1528?
2, 191
What are the prime factors of 71850?
2, 3, 5, 479
List the prime factors of 7190.
2, 5, 719
List the prime factors of 245.
5, 7
List the prime factors of 5522.
2, 11, 251
List the prime factors of 6241.
79
List the prime factors of 1878.
2, 3, 313
List the prime factors of 415.
5, 83
List the prime factors of 6298.
2, 47, 67
List the prime factors of 1436.
2, 359
List the prime factors of 7408.
2, 463
List the prime factors of 3940.
2, 5, 197
What are the prime factors of 70695?
3, 5, 1571
What are the prime factors of 33352?
2, 11, 379
List the prime factors of 44646.
2, 3, 7, 1063
List the prime factors of 69395.
5, 13879
List the prime factors of 1457.
31, 47
What are the prime factors of 108962?
2, 7, 43, 181
What are the prime factors of 54344?
2, 6793
What are the prime factors of 11757?
3, 3919
List the prime factors of 101974.
2, 67, 761
What are the prime factors of 3189?
3, 1063
List the prime factors of 49097.
29, 1693
List the prime factors of 9064.
2, 11, 103
List the prime factors of 675.
3, 5
List the prime factors of 57.
3, 19
What are the prime factors of 16825?
5, 673
List the prime factors of 12806.
2, 19, 337
What are the prime factors of 6729?
3, 2243
What are the prime factors of 285?
3, 5, 19
What are the prime factors of 59722?
2, 13, 2297
What are the prime factors of 6516?
2, 3, 181
List the prime factors of 21879.
3, 11, 13, 17
List the prime factors of 5137.
11, 467
What are the prime factors of 2272?
2, 71
List the prime factors of 1220.
2, 5, 61
What are the prime factors of 536?
2, 67
List the prime factors of 4858.
2, 7, 347
What are the prime factors of 49114?
2, 13, 1889
What are the prime factors of 14322?
2, 3, 7, 11, 31
What are the prime factors of 3584?
2, 7
List the prime factors of 16190.
2, 5, 1619
What are the prime factors of 14684?
2, 3671
List the prime factors of 1873.
1873
List the prime factors of 6177.
3, 29, 71
What are the prime factors of 334?
2, 167
What are the prime factors of 4375?
5, 7
What are the prime factors of 57?
3, 19
What are the prime factors of 106860?
2, 3, 5, 13, 137
List the prime factors of 1250.
2, 5
What are the prime factors of 5496?
2, 3, 229
List the prime factors of 2227.
17, 131
List the prime factors of 367.
367
What are the prime factors of 32822?
2, 16411
List the prime factors of 2043.
3, 227
List the prime factors of 174.
2, 3, 29
List the prime factors of 5934.
2, 3, 23, 43
List the prime factors of 1074.
2, 3, 179
List the prime factors of 22570.
2, 5, 37, 61
What are the prime factors of 10317?
3, 19, 181
What are the prime factors of 41?
41
List the prime factors of 85496.
2, 10687
What are the prime factors of 851?
23, 37
List the prime factors of 14662.
2, 7331
What are the prime factors of 1017?
3, 113
List the prime factors of 1455.
3, 5, 97
What 